ed by 1067.
1064
Calculate the remainder when 927963 is divided by 703.
3
Calculate the remainder when 1024595 is divided by 53925.
20
Calculate the remainder when 23596 is divided by 6885.
2941
Calculate the remainder when 24469 is divided by 4867.
134
Calculate the remainder when 4538489 is divided by 809.
808
Calculate the remainder when 12128904 is divided by 172.
152
Calculate the remainder when 61449916 is divided by 72294.
16
What is the remainder when 13476755 is divided by 182117?
97
Calculate the remainder when 1186735 is divided by 395385.
580
Calculate the remainder when 191705 is divided by 8657.
1251
What is the remainder when 410314 is divided by 2700?
2614
Calculate the remainder when 1075522 is divided by 103.
99
What is the remainder when 14409850 is divided by 221?
208
Calculate the remainder when 77612 is divided by 1891.
81
What is the remainder when 820844 is divided by 102601?
36
Calculate the remainder when 1767618 is divided by 589202.
12
What is the remainder when 2427166 is divided by 293?
247
What is the remainder when 205037 is divided by 68316?
89
What is the remainder when 16249 is divided by 7659?
931
Calculate the remainder when 33707407 is divided by 11235799.
10
Calculate the remainder when 9010533 is divided by 5.
3
What is the remainder when 73683 is divided by 4908?
63
Calculate the remainder when 4021537 is divided by 98.
9
Calculate the remainder when 128752607 is divided by 70.
67
What is the remainder when 280490885 is divided by 586801?
7
Calculate the remainder when 6422 is divided by 6372.
50
Calculate the remainder when 4508688 is divided by 4508665.
23
Calculate the remainder when 6938782 is divided by 49919.
41
What is the remainder when 475728 is divided by 158474?
306
Calculate the remainder when 7082 is divided by 4260.
2822
Calculate the remainder when 14173928 is divided by 4724641.
5
What is the remainder when 3160103 is divided by 131?
121
What is the remainder when 597170 is divided by 597078?
92
What is the remainder when 2474191 is divided by 9516?
31
What is the remainder when 9502513 is divided by 24?
1
What is the remainder when 37825954 is divided by 5618?
5578
What is the remainder when 724705 is divided by 3501?
3499
What is the remainder when 25452907 is divided by 2?
1
Calculate the remainder when 95506846 is divided by 860422.
4
What is the remainder when 8631835 is divided by 12528?
43
What is the remainder when 133213 is divided by 10217?
392
What is the remainder when 34169234 is divided by 1485617?
43
Calculate the remainder when 7520276 is divided by 369.
56
Calculate the remainder when 657095 is divided by 301.
12
What is the remainder when 4262567 is divided by 473618?
5
Calculate the remainder when 1288584 is divided by 8422.
18
What is the remainder when 21916054 is divided by 85?
79
Calculate the remainder when 83082227 is divided by 9809.
9806
Calculate the remainder when 2531496 is divided by 3255.
2361
Calculate the remainder when 3261719 is divided by 1087236.
11
Calculate the remainder when 12048051 is divided by 3012009.
15
Calculate the remainder when 20209340 is divided by 2144.
2140
Calculate the remainder when 276457 is divided by 1296.
409
Calculate the remainder when 437844 is divided by 145609.
1017
What is the remainder when 223888 is divided by 3685?
2788
What is the remainder when 10305357 is divided by 62?
27
What is the remainder when 208816398 is divided by 650?
648
What is the remainder when 1449822 is divided by 5234?
4
Calculate the remainder when 2460977 is divided by 95.
2
What is the remainder when 27849050 is divided by 1078?
1076
Calculate the remainder when 1130072 is divided by 281.
171
Calculate the remainder when 5735563 is divided by 573556.
3
Calculate the remainder when 1437133 is divided by 73.
55
Calculate the remainder when 1559406 is divided by 460.
6
Calculate the remainder when 539855 is divided by 279.
269
What is the remainder when 2262459 is divided by 697?
694
Calculate the remainder when 79863 is divided by 671.
14
What is the remainder when 1488417 is divided by 48010?
107
Calculate the remainder when 21972391 is divided by 31752.
7
What is the remainder when 3218317 is divided by 49?
46
Calculate the remainder when 1357766 is divided by 2591.
82
What is the remainder when 24621 is divided by 372?
69
What is the remainder when 14195840 is divided by 28?
8
What is the remainder when 2517774 is divided by 629442?
6
Calculate the remainder when 1571272 is divided by 4988.
52
Calculate the remainder when 269222 is divided by 26547.
3752
What is the remainder when 162441546 is divided by 312?
306
Calculate the remainder when 121651 is divided by 14961.
1963
What is the remainder when 215687 is divided by 2848?
2087
Calculate the remainder when 20310 is divided by 564.
6
What is the remainder when 409676 is divided by 3978?
3920
Calculate the remainder when 39818 is divided by 469.
422
Calculate the remainder when 5635935 is divided by 847.
844
What is the remainder when 358018266 is divided by 9881?
9874
What is the remainder when 17700911 is divided by 14?
11
Calculate the remainder when 8691134 is divided by 869102.
114
Calculate the remainder when 4158536 is divided by 990.
536
Calculate the remainder when 496555 is divided by 100.
55
Calculate the remainder when 125630 is divided by 84.
50
What is the remainder when 16450784 is divided by 74?
66
Calculate the remainder when 540649 is divided by 179804.
1237
What is the remainder when 123880 is divided by 548?
32
Calculate the remainder when 180539 is divided by 2229.
2219
What is the remainder when 45888721 is divided by 3278?
3277
Calculate the remainder when 877095 is divided by 2380.
1255
Calculate the remainder when 641524 is divided by 3565.
3389
What is the remainder when 7341567 is divided by 209759?
2
Calculate the remainder when 39237 is divided by 2082.
1761
What is the remainder when 48586 is divided by 1878?
1636
Calculate the remainder when 4665630 is divided by 5254.
78
Calculate the remainder when 911946 is divided by 182387.
11
What is the remainder when 6893894 is divided by 497?
7
What is the remainder when 2059453 is divided by 1029658?
137
Calculate the remainder when 30555 is divided by 1704.
1587
Calculate the remainder when 7162436 is divided by 895303.
12
What is the remainder when 126764159 is divided by 12?
11
Calculate the remainder when 1144474 is divided by 3085.
3024
What is the remainder when 275357 is divided by 1384?
1325
What is the remainder when 130107 is divided by 42877?
1476
What is the remainder when 44994882 is divided by 29680?
2
Calculate the remainder when 253990 is divided by 906.
310
What is the remainder when 98173 is divided by 30257?
7402
What is the remainder when 135779 is divided by 43906?
4061
What is the remainder when 45539 is divided by 9017?
454
What is the remainder when 341567 is divided by 113809?
140
Calculate the remainder when 2945768 is divided by 981727.
587
What is the remainder when 6536996 is divided by 48782?
208
What is the remainder when 110518 is divided by 108402?
2116
Calculate the remainder when 17731711 is divided by 483.
298
Calculate the remainder when 369470 is divided by 117.
101
Calculate the remainder when 24618647 is divided by 769329.
119
Calculate the remainder when 2501897 is divided by 82.
77
Calculate the remainder when 426881 is divided by 70850.
1781
What is the remainder when 11667608 is divided by 29?
9
Calculate the remainder when 5702 is divided by 5256.
446
What is the remainder when 66001712 is divided by 39404?
12
What is the remainder when 266957675 is divided by 299?
10
What is the remainder when 1660485 is divided by 363?
123
Calculate the remainder when 435627 is divided by 3513.
15
Calculate the remainder when 727049 is divided by 755.
739
Calculate the remainder when 5046228 is divided by 717.
699
Calculate the remainder when 23841795 is divided by 2840.
2835
Calculate the remainder when 25993614 is divided by 1808.
1806
What is the remainder when 864134 is divided by 19639?
18
What is the remainder when 602764 is divided by 602689?
75
Calculate the remainder when 369257 is divided by 228.
125
Calculate the remainder when 149395 is divided by 9959.
10
What is the rema